t?
2
Suppose 2*b = -f + 8, 3*b + 0 = -5*f + 5. Suppose -2*d = -b*d + 18. List the prime factors of d.
2, 3
Suppose -156 = 15*v - 19*v. Let n = 82 + -4. Suppose -3*d + v = -n. List the prime factors of d.
3, 13
Let k(g) = 547*g**2 + 6. What are the prime factors of k(2)?
2, 1097
Let h be 8/(-16) - 33/(-6). Suppose -2*a + 245 = 3*a - h*m, -144 = -3*a + 2*m. List the prime factors of a.
2, 23
Let d = 5443 - 2555. List the prime factors of d.
2, 19
Suppose -3*u + 256 = 5*w, -7*u + 59 = w - 9*u. Let a = 205 - w. List the prime factors of a.
2, 19
Suppose -17*b - 43760 = -57*b. What are the prime factors of b?
2, 547
Let j(f) = 4*f + 17. Suppose 0 = -6*t - 22 + 70. What are the prime factors of j(t)?
7
What are the prime factors of (-93)/(-33) - 3 - (-3148)/11?
2, 11, 13
Suppose -4*d = 3*d - 3787. What are the prime factors of d?
541
Suppose -u - 5*g + 45 = 0, -20 = 2*g + 3*g. Let w = u + -21. Let x = 92 - w. List the prime factors of x.
2, 3
Let v(j) = -j**3 - 6*j**2 - 2*j + 3. Suppose -2*r - 9 = 3. List the prime factors of v(r).
3, 5
What are the prime factors of (36/24)/((-21)/(-15050))?
5, 43
Let g(k) = 7*k**2 - 191*k - 54. What are the prime factors of g(29)?
2, 3, 7
Let z(c) = -c**2 - c - 7. Suppose 0 = 5*n - 3*n + r + 4, 2*n - 4*r = 16. Let l be z(n). List the prime factors of (-108)/l + (-21)/49.
3, 5
Let i(z) = -339*z - 554. List the prime factors of i(-7).
17, 107
Let y = 367 - 123. List the prime factors of y.
2, 61
Let b = 6 + 0. Suppose -w + 6 = 2*w. Suppose b*l - 88 = w*l. What are the prime factors of l?
2, 11
Suppose -20*r = -10429 - 5211. What are the prime factors of r?
2, 17, 23
Let s = -535 - -542. Let d(f) = 13*f + 1 + 11 - 5*f. What are the prime factors of d(s)?
2, 17
Suppose -3*t + 13 = 2*q, -t + 21 + 10 = 4*q. Suppose -3*p - 345 = -q*p. What are the prime factors of p?
3, 23
Let h be (-5 + 32/4)*(-2)/6. Let y(j) = 0 + 0 + 1 - 5*j. What are the prime factors of y(h)?
2, 3
Let c be 1/((-4)/(-12)) + 1. Suppose -5*t + c*u = 5 - 21, 20 = -2*t - 5*u. Suppose -2*b - 17 + 55 = t. What are the prime factors of b?
19
Let m be 6/((-15)/(-6) - 1). Suppose -d = -2*w, -2*w + 8 + 4 = -m*d. List the prime factors of (-1)/d - (-39)/4.
2, 5
List the prime factors of 638586/1287 - (-4)/(-22).
2, 31
Let w = 43 + -32. Let f(k) = k + 9. What are the prime factors of f(w)?
2, 5
Suppose -4*l + 3*m - m + 3024 = 0, -l = -m - 756. List the prime factors of l.
2, 3, 7
Suppose 0 = 67*u - 36*u - 23312. What are the prime factors of u?
2, 47
Let p(f) = 35*f - 25. List the prime factors of p(7).
2, 5, 11
Suppose 0 = -3*x - 5*a + 77, -x + 3*a = -0*x - 35. Suppose 0 = -2*k + x + 105. What are the prime factors of k?
67
Suppose 2*x + 2*x = 2*m + 176, -5*x + 3*m + 221 = 0. Suppose -3*b + 2*c + 12 = -35, 2*b + c - x = 0. Let f = b + -17. List the prime factors of f.
2
Suppose -4*z + 23 = -w - 12, 2*z + 23 = -w. Let r be (2 + -1)/((-3)/w). Suppose 5*a = -4*q + 140, q - 35 - r = a. List the prime factors of q.
2, 5
Suppose -q + 491 = 3*k - 3*q, 2*k + 2*q - 324 = 0. Suppose 2*h = -13 + k. List the prime factors of h.
3, 5
Suppose 2*u + x = 4*u - 5, -5*u + 3*x = -12. Suppose 4*r - 2*r - 286 = 5*a, 3*a = u*r - 411. List the prime factors of r.
7, 19
List the prime factors of -27*(1150/(-15))/5.
2, 3, 23
List the prime factors of (2/(-10))/(29/145) + 202.
3, 67
Suppose d = w + 848, 7*d - 8*d + 858 = -3*w. What are the prime factors of d?
3, 281
Let p(v) = -3*v**2 + 4*v + 2. Let f(s) = -6*s**2 + 8*s + 5. Let x(j) = 6*f(j) - 13*p(j). What are the prime factors of x(2)?
2
What are the prime factors of 2165 - -2 - (-18 - 84/(-7))?
41, 53
Let y be 3/2 - (-19)/38. Suppose 25 = -7*s + y*s, 4*a - 5*s - 173 = 0. What are the prime factors of a?
37
Let t(q) = 13*q**2 - 57*q - 17. List the prime factors of t(8).
359
Suppose 5*s - 81 + 386 = 0. Let g = s - -85. What are the prime factors of g?
2, 3
Let y(h) = 38*h - 154. What are the prime factors of y(33)?
2, 5, 11
Suppose -4*h = -3*h - 4. Suppose -3*k + h*k = -2*z + 47, k = z + 44. Let p = 105 - k. List the prime factors of p.
2, 3, 5
Let q(k) = k**2 + 5*k - 4. Suppose -8 = 4*m, 11 = 4*t + t + 2*m. Let d be q(t). Let f = -13 + d. List the prime factors of f.
7
Suppose -2*a = -5*q + 4*q - 2689, -2*a + 4*q + 2692 = 0. What are the prime factors of a?
2, 3, 7
Let p(o) = 7*o**2 - 2*o + 1. Let v be p(1). Suppose -v*b = -b. Suppose 5*k - 4*q - 58 = b, -5*q + 9 + 6 = 0. List the prime factors of k.
2, 7
Let c(t) be the third derivative of -1/12*t**4 + 0*t - 5*t**2 + 0 - 1/2*t**3. What are the prime factors of c(-4)?
5
Let v(p) = -p + 57. Let u be v(0). Let a = u - 19. List the prime factors of a.
2, 19
Suppose -2*o + 5*o = -4*m + 33, -3*o + 2*m + 15 = 0. Suppose o*b = 5*b + 48. What are the prime factors of b?
2, 3
Suppose 3*m + 2*m = -5*u + 15, 2*u - 4*m = 0. Let j be 5/((-1)/1*-1). Suppose 4 = u*h + 3*v - 40, 0 = j*v - 10. What are the prime factors of h?
19
Suppose -4*z + 1911 = -2*g + 7231, -3*g - 3*z = -7944. List the prime factors of g.
2, 3, 13, 17
List the prime factors of 968741/366 - (-2)/(12*1).
2647
Let b(f) = 11*f**2 + 7*f - 9. List the prime factors of b(4).
3, 5, 13
Suppose 4*r = -946 + 4346. List the prime factors of r.
2, 5, 17
Let y(o) be the third derivative of -o**4/24 - 7*o**3/6 - 4*o**2. Let u be y(-7). What are the prime factors of -3 + (-1 + 15 - u)?
11
Let m = -2042 - -2696. What are the prime factors of m?
2, 3, 109
Let b = 20 - 37. List the prime factors of b/68 - 13*(-2)/8.
3
Suppose 0 = -37*y + 57*y - 42760. List the prime factors of y.
2, 1069
Suppose 7*t - 7878 = -724. What are the prime factors of t?
2, 7, 73
Suppose 4*k - 11 = 9. Suppose 45 - 10 = g + 2*o, -k*g + 4*o + 133 = 0. List the prime factors of g.
29
Suppose -2*q - 13*q + 29265 = 0. What are the prime factors of q?
1951
Let g(s) = -10*s + 3. Let y be g(-17). Suppose -y*f = -176*f + 954. List the prime factors of f.
2, 3, 53
Suppose 4*h - 995 = 57. Suppose 0 = 3*r - 2*i - 227 + 66, 5*r - h = 2*i. List the prime factors of r.
3, 17
Let t(x) = 2*x**2 + 4. Let m(g) = -g**3 + g**2 + 2. Let u be m(0). Suppose 5*l + w - 19 = 0, -1 + 3 = u*l - w. List the prime factors of t(l).
2, 11
Let y(v) = -2*v**3 - 11*v**2 - 13*v - 5. What are the prime factors of y(-10)?
5, 41
Suppose 4*q + 30 = 58. Let y = q - -57. What are the prime factors of y?
2
Let y = -9186 + 13451. List the prime factors of y.
5, 853
Suppose 2*g + 2*o = -101 + 1083, -3*o - 1929 = -4*g. List the prime factors of g.
2, 3
Let t(o) = 8*o**2 + 17*o - 8. What are the prime factors of t(-14)?
2, 661
Let o(v) = -6 + 9 + 143*v**3 - 4. List the prime factors of o(1).
2, 71
Let v = 979 + -723. List the prime factors of v.
2
Suppose 4*t + 3*y = -y + 732, -4*y = -4*t + 764. Suppose 4*o - 175 = -m + t, 2 = -m. List the prime factors of o.
7, 13
Suppose t + 3*u = 131, t + u - 129 = -0*t. Let o = t + -73. List the prime factors of o.
5, 11
Let f(n) = 34*n**2 - 15*n - 2. List the prime factors of f(3).
7, 37
Let s = -623 - -1741. What are the prime factors of s?
2, 13, 43
Suppose -24 = 78*q - 80*q. Let a(c) = 4*c - 14. What are the prime factors of a(q)?
2, 17
Let q(h) = 9*h - 3. Let x be 0 + 5 - (4 + -5). Suppose x*g - 10*g + 12 = 0. List the prime factors of q(g).
2, 3
Suppose 6*l = -100 + 10. Let h be 3 - (l/(-5) - -2). Let v(y) = -8*y**3 + 2*y**2 + y - 2. What are the prime factors of v(h)?
2, 17
Let s = -8 + 1. What are the prime factors of ((-67)/(-2))/(s/(-42))?
3, 67
Suppose -4*h = 3*x - 2958, 13*x + 1480 = 2*h + 14*x. What are the prime factors of h?
3, 13, 19
Suppose -24 = -3*l - 0*l. Let i = 9 - l. Let t = i + 6. List the prime factors of t.
7
Let l be ((-8)/12)/((-2)/(-6)). What are the prime factors of (-1845)/(-35) + l/(-7) + -2?
3, 17
Let d = 319 - 185. Suppose 5*y - 3*a = y + 278, 4*a = 2*y - d. What are the prime factors of y?
71
Suppose -n - 4*n = 5*l + 195, 0 = -4*n - l - 147. List the prime factors of n/(-8)*10 + 2.
47
Let q(p) = -15*p - 11. Let j be q(7). List the prime factors of 1/(-2)*j*(5 + -4).
2, 29
Suppose -17 = -4*n - 9. Suppose -n*b = -186 - 4. List the prime factors of b.
5, 19
Suppose 0 = 7*f - 2 - 33. Suppose 0*s + 3*s - 3*q = 30, f*s - 62 = 2*q. List the prime factors of s.
2, 7
List the prime factors of (24/64)/(3/(-12))*-30.
3, 5
Suppose 3*a = -2*g - 3*g - 140,